32).
-23
Let x(l) = -l + 139. Calculate x(28).
111
Let f(o) = -19*o + 36. Calculate f(8).
-116
Let l(a) = -a**3 - 22*a**2 + 208*a + 176. Give l(-29).
31
Let n(u) = 7*u**3 - 2*u**2 + u - 3. Determine n(-2).
-69
Let l(w) = 39*w - 5093. What is l(130)?
-23
Let c(z) = 6*z**3 - 148*z**2 - 46*z + 27. Calculate c(25).
127
Let h(y) = 2*y**3 - 12*y**2 - 23*y + 10. What is h(7)?
-53
Let j(w) = w**2 - 62*w + 403. What is j(13)?
-234
Let q(w) = w - 415. Give q(8).
-407
Let n(y) = y**3 + 12*y**2 - 22*y - 328. Calculate n(-12).
-64
Let y(j) = -j**3 - j**2 + 2040*j + 6100. Determine y(-3).
-2
Let k(g) = -g**2 + 41*g - 130. Determine k(37).
18
Let p(f) = -31*f + 493. Calculate p(15).
28
Let p(m) = -m**3 + 14*m**2 + 11*m + 46. What is p(15)?
-14
Let v(p) = p**3 + 43*p**2 - 74. What is v(-43)?
-74
Let a(c) = 52*c**2 - 4*c - 7. What is a(-1)?
49
Let h(j) = 5*j**3 - 4*j - 13. What is h(-3)?
-136
Let z(q) = 19*q + 560. What is z(-29)?
9
Let k(f) = 6*f - 68. Determine k(-13).
-146
Let w(m) = 3*m**3 + 13*m**2 - m - 10. Determine w(-6).
-184
Let n(o) = 31*o**2 + 3*o + 6. Give n(-2).
124
Let j(v) = 678*v - 10853. What is j(16)?
-5
Let m(o) = 20*o - 43. Calculate m(17).
297
Let r(t) = 17477*t + 13. Give r(0).
13
Let h(b) = b**2 - 116*b - 9656. Determine h(172).
-24
Let z(p) = -6*p**2 - 124*p - 239. Determine z(-19).
-49
Let n(o) = 2*o**2 - 28*o + 111. Determine n(11).
45
Let a(n) = -3*n**2 + 40*n - 39. Give a(1).
-2
Let x(y) = 18*y + 107. Determine x(-7).
-19
Let b(g) = -g**2 - 71*g + 998. What is b(-83)?
2
Let u(y) = y**3 + 20*y**2 - 25*y - 498. Determine u(-20).
2
Let h(v) = -7*v + 226. Calculate h(5).
191
Let x(w) = -20*w**2 + 815*w + 281. Determine x(41).
76
Let w(k) = -k**3 - 308*k**2 + 629*k + 2795. Give w(-310).
5
Let j(y) = -888*y - 8878. Determine j(-10).
2
Let w(c) = -6*c**3 - 16*c**2 + 54*c + 163. What is w(-3)?
19
Let t(z) = -z**3 - 17*z**2 - 52*z + 67. Determine t(-7).
-59
Let o(b) = -b**2 + 3552*b + 17795. What is o(-5)?
10
Let f(k) = 2*k**2 + 264*k - 1367. Calculate f(-137).
3
Let b(w) = 14*w**2 + 42*w + 27. What is b(-2)?
-1
Let d(p) = -4942*p - 69172. Calculate d(-14).
16
Let u(m) = m**3 + 10*m**2 - 34*m - 160. Calculate u(-12).
-40
Let h(g) = -313*g**2 - 10*g + 10. Calculate h(1).
-313
Let g(f) = -95*f - 2787. Determine g(-29).
-32
Let d(n) = -n**3 - 39*n**2 - 192*n - 67. What is d(-34)?
681
Let f(o) = -103*o + 305. What is f(4)?
-107
Let d(w) = -w**3 - 79*w**2 - 2*w - 154. Give d(-79).
4
Let u(d) = -60*d**3 - 3*d**2 - d + 10. What is u(-2)?
480
Let y(u) = 101*u**2 - 1412*u - 22. Determine y(14).
6
Let c(y) = 2*y**2 + 104*y + 1359. What is c(-25)?
9
Let l(t) = -t**2 + 26*t + 9. What is l(27)?
-18
Let m(y) = -5*y**2 - 20*y - 79. Give m(-5).
-104
Let z(c) = -29*c + 1386. Determine z(48).
-6
Let k(b) = 212*b**3 + b**2 - 2*b + 1. Determine k(1).
212
Let b(g) = -116*g + 5445. Give b(47).
-7
Let w(h) = -h**3 - 4*h**2 + 62*h + 35. Give w(-10).
15
Let f(k) = 1938*k + 3875. Give f(-2).
-1
Let r(a) = -6*a**3 - 5*a**2 + 7*a + 11. Calculate r(-2).
25
Let s(c) = c**3 + 15*c**2 - 15*c + 61. Determine s(-16).
45
Let d(q) = q**3 + q**2 - 28*q + 10. Give d(-6).
-2
Let n(x) = x**3 - 58*x**2 - 112*x + 175. Calculate n(60).
655
Let r(f) = 2*f**3 - 104*f**2 - 102*f - 217. Determine r(53).
-5
Let i(s) = 24909*s + 24918. Calculate i(-1).
9
Let a(y) = -2*y**2 + 4*y + 13. Determine a(-3).
-17
Let b(k) = k**3 - 37*k**2 - 5*k - 85. Give b(37).
-270
Let i(c) = -1982*c - 29714. Determine i(-15).
16
Let y(x) = -9*x**2 + 224*x + 224. Calculate y(26).
-36
Let y(p) = -16*p - 4. Determine y(27).
-436
Let q(m) = m**3 - 2*m**2 - 18*m. Calculate q(-7).
-315
Let n(d) = d**3 - 30*d**2 - 407*d + 31. Calculate n(-11).
-453
Let a(d) = 56*d + 436. Calculate a(-12).
-236
Let k(w) = 32*w - 312. Determine k(8).
-56
Let a(t) = 8*t + 25. What is a(18)?
169
Let m(f) = -363*f - 1840. Determine m(-5).
-25
Let d(j) = -579*j + 583. Give d(1).
4
Let j(x) = -x**3 - 9*x**2 + 324*x - 32. Determine j(14).
-4
Let i(v) = 4*v**2 - 17*v - 106. What is i(12)?
266
Let w(i) = i**2 - 77*i + 1240. Give w(54).
-2
Let a(n) = 54*n + 1949. Give a(-36).
5
Let y(w) = -2*w**3 + 44*w**2 + 640*w + 29. What is y(-10)?
29
Let s(w) = w**3 - 11*w**2 - 45*w + 286. Calculate s(5).
-89
Let y(x) = -x**3 + 109*x**2 - 2888*x - 636. Calculate y(63).
-6
Let m(p) = p**3 + 10*p**2 + 23*p - 13. Determine m(-6).
-7
Let l(v) = 31*v - 3005. Determine l(91).
-184
Let v(b) = -147*b**2 - 739*b - 3. Calculate v(-5).
17
Let c(l) = -l**3 - 10*l**2 + 54*l - 2. Give c(-14).
26
Let w(j) = -6*j**2 - 82*j + 38. Determine w(-12).
158
Let u(o) = 109*o - 314. Calculate u(6).
340
Let l(f) = f**3 - 7*f**2 + 21*f - 143. Calculate l(6).
-53
Let g(a) = 73*a + 149. Determine g(-3).
-70
Let c(i) = -26*i**2 + 5*i - 2. Calculate c(1).
-23
Let v(p) = 2*p**2 - 13*p - 76. What is v(10)?
-6
Let y(h) = 9*h**2 - 93*h + 39. Determine y(6).
-195
Let b(s) = 371*s - 4456. Give b(12).
-4
Let g(w) = 3*w**3 + 23*w**2 - 7*w + 33. What is g(-8)?
25
Let n(l) = -51*l**2 - 660*l + 17. Give n(-13).
-22
Let i(u) = -42*u**2 - u + 2. Determine i(2).
-168
Let d(b) = 552*b + 60. Give d(-1).
-492
Let r(k) = -k + 85. Give r(5).
80
Let l(s) = -30*s - 124. What is l(2)?
-184
Let i(w) = -6*w**3 - 235*w**2 - 37*w + 90. Calculate i(-39).
12
Let q(o) = 2*o**2 - 34*o - 699. Give q(-12).
-3
Let t(n) = n**3 + 57*n**2 + 308*n + 18. Determine t(-6).
6
Let n(g) = -g**3 + 38*g**2 - 37*g - 21. Determine n(37).
-21
Let h(o) = 7*o**3 + 6*o**2 + 7*o + 9. Calculate h(-2).
-37
Let w(p) = -19*p - 1294. What is w(-68)?
-2
Let h(l) = -11*l + 390. Calculate h(35).
5
Let t(q) = -q**2 - 4590*q - 50355. Determine t(-11).
14
Let w(o) = o**2 - 570*o - 18634. Determine w(-31).
-3
Let m(r) = 11*r - 218. Determine m(33).
145
Let j(w) = -w**3 + 16*w**2 + 80*w - 4. Determine j(20).
-4
Let n(s) = 2*s**2 + 189*s + 559. Determine n(-3).
10
Let m(o) = 17*o - 772. Calculate m(45).
-7
Let l(t) = 4809*t - 24032. Determine l(5).
13
Let g(z) = -134*z + 1743. What is g(13)?
1
Let g(q) = -2*q**2 + 75*q - 262. Give g(4).
6
Let b(d) = -d**3 + 51*d**2 - 58*d + 480. What is b(50)?
80
Let u(c) = -251*c + 20. What is u(0)?
20
Let r(t) = 35*t**3 - t**2 + 6*t - 17. What is r(2)?
271
Let h(i) = -24*i**2 - 29*i + 6. What is h(2)?
-148
Let s(q) = 13*q + 231. What is s(-18)?
-3
Let m(f) = -3*f**3 - 84*f**2 + 5*f + 30. Calculate m(-28).
-110
Let b(u) = 2*u**3 + 10*u**2 + 5*u - 34. Calculate b(-7).
-265
Let b(k) = -k**3 - 34*k**2 + 12*k - 760. What is b(-35)?
45
Let u(p) = -p**3 - 81*p**2 + 254*p + 174. Determine u(-84).
6
Let n(i) = 968*i + 6754. Determine n(-7).
-22
Let g(w) = -74*w**2 - 33*w + 9. Determine g(-2).
-221
Let y(n) = 7899*n + 31597. Determine y(-4).
1
Let x(u) = -1032*u + 38193. Calculate x(37).
9
Let k(s) = -s**2 + 273*s - 3381. Give k(13).
-1
Let z(c) = c**3 - 1419*c**2 + 8474*c + 18. Calculate z(6).
-6
Let z(j) = j**3 - 21*j**2 + 14*j + 108. Determine z(21).
402
Let d(o) = o**3 + 4*o**2 - 32*o + 9. Calculate d(-8).
9
Let w(d) = d**3 - 26*d**2 + 95*d - 158. Give w(22).
-4
Let f(v) = v**2 - 133*v + 4171. Calculate f(76).
-161
Let g(o) = -236*o - 2608. Give g(-11).
-12
Let x(w) = 229*w + 411. What is x(-2)?
-47
Let q(l) = -l**3 - 23*l**2 + 171*l - 16. What is q(-29)?
71
Let c(u) = u**2 - 1699*u - 17078. Calculate c(-10).
12
Let n(w) = -2*w**2 + 11*w + 11. Give n(-2).
-19
Let m(f) = -2*f**2 + 241*f + 968. What is m(-4)?
-28
Let s(z) = -z**3 + 226*z**2 - 3934*z + 14. Determine s(19).
-5
Let h(i) = -3*i**2 - 7*i + 69. Give h(-11).
-217
Let t(j) = 466*j + 5112. Calculate t(-11).
-14
Let x(w) = w**2 + 11*w + 1. Calculate x(-10).
-9
Let t(l) = -291*l**2 - 17460*l + 7. Give t(-60).
7
Let d(o) = o**3 - 21*o**2 + 6*o - 129. Calculate d(21).
-3
Let u(q) = q**2 + 40*q - 2089. Give u(-70).
11
Let m(x) = -5*x**3 + 5*x**2 + 7*x + 12. Determine m(-3).
171
Let c(y) = -2*y**3 + 13*y**2 + 30*y - 20. What is c(7)?
141
Let x(g) = -462*g + 2672. What is x(6)?
-100
Let c(u) = -u**2 - 15952*u + 95747. Give c(6).
-1
Let t(w) = w**2 - 133*w - 1737. Give t(-12).
3
Let d(g) = -4*g**3 - 34*g**2 - 2*g - 182. Determine d(-9).
-2
Let k(b) = 830*b - 339466. What is k(409)?
4
Let h(s) = s**3 - 14*s**2 + 35*s - 51. Determine h(11).
-29
Let q(d) = -2*d**2 + 23*d + 35. Give q(14).
-35
Let s(u) = 2*u**2 - 339*u - 845. Determine s(172).
15
Let m(s) = -s**2 - 84*s + 